t is the billions digit of 6356098728?
6
What is the tens digit of 153088332?
3
What is the millions digit of 20156168?
0
What is the hundred thousands digit of 69345784?
3
What is the ten millions digit of 667115019?
6
What is the units digit of 1303080400?
0
What is the hundred millions digit of 139628276?
1
What is the ten millions digit of 82126290?
8
What is the hundreds digit of 47442971?
9
What is the ten thousands digit of 161876234?
7
What is the ten millions digit of 2704485123?
0
What is the thousands digit of 54834293?
4
What is the hundred thousands digit of 1844809286?
8
What is the thousands digit of 7924941098?
1
What is the hundred thousands digit of 160122679?
1
What is the tens digit of 254575491?
9
What is the millions digit of 1475132725?
5
What is the tens digit of 168614066?
6
What is the ten thousands digit of 87446930?
4
What is the ten thousands digit of 1053344513?
4
What is the hundred millions digit of 146936727?
1
What is the units digit of 1513949924?
4
What is the billions digit of 5508454340?
5
What is the hundreds digit of 2904660232?
2
What is the ten millions digit of 647068901?
4
What is the units digit of 32626899?
9
What is the thousands digit of 165211507?
1
What is the units digit of 98582492?
2
What is the millions digit of 518798973?
8
What is the units digit of 36459426?
6
What is the tens digit of 823285587?
8
What is the hundred millions digit of 1803637340?
8
What is the ten millions digit of 205571731?
0
What is the millions digit of 169789937?
9
What is the thousands digit of 53972569?
2
What is the tens digit of 13239581?
8
What is the hundreds digit of 331850565?
5
What is the hundred thousands digit of 37560031?
5
What is the ten millions digit of 535345497?
3
What is the millions digit of 1040981009?
0
What is the ten millions digit of 432295583?
3
What is the ten thousands digit of 3135909577?
0
What is the ten thousands digit of 1193120372?
2
What is the millions digit of 349176090?
9
What is the ten millions digit of 1860231446?
6
What is the ten millions digit of 47789876?
4
What is the ten millions digit of 490313020?
9
What is the hundreds digit of 92933124?
1
What is the tens digit of 24606756?
5
What is the millions digit of 1283980036?
3
What is the ten millions digit of 57665047?
5
What is the thousands digit of 197015046?
5
What is the units digit of 139770776?
6
What is the units digit of 73797283?
3
What is the thousands digit of 716336979?
6
What is the millions digit of 510647307?
0
What is the millions digit of 913555168?
3
What is the tens digit of 637518844?
4
What is the tens digit of 89483320?
2
What is the ten thousands digit of 138627689?
2
What is the ten millions digit of 2953155340?
5
What is the hundreds digit of 701513091?
0
What is the hundred thousands digit of 50004896?
0
What is the units digit of 3730156?
6
What is the tens digit of 1797009177?
7
What is the millions digit of 698686384?
8
What is the millions digit of 5370593977?
0
What is the ten millions digit of 2639651997?
3
What is the thousands digit of 15398081?
8
What is the hundred millions digit of 700008932?
7
What is the tens digit of 880826303?
0
What is the billions digit of 2562107241?
2
What is the ten millions digit of 52087581?
5
What is the ten millions digit of 158575529?
5
What is the hundred millions digit of 1655492817?
6
What is the units digit of 14235643?
3
What is the millions digit of 103929554?
3
What is the ten thousands digit of 539351909?
5
What is the tens digit of 10995654?
5
What is the units digit of 72733435?
5
What is the millions digit of 452855445?
2
What is the hundred thousands digit of 4458027679?
0
What is the units digit of 96167824?
4
What is the hundred millions digit of 511440589?
5
What is the hundreds digit of 733165953?
9
What is the tens digit of 73923002?
0
What is the hundreds digit of 7371431?
4
What is the hundred millions digit of 3131021858?
1
What is the ten millions digit of 45822031?
4
What is the millions digit of 189312797?
9
What is the ten thousands digit of 125890993?
9
What is the hundred millions digit of 6666419878?
6
What is the ten millions digit of 1809686894?
0
What is the ten thousands digit of 68731502?
3
What is the ten millions digit of 161406662?
6
What is the millions digit of 2897812432?
7
What is the ten millions digit of 60484944?
6
What is the millions digit of 173836775?
3
What is the millions digit of 32244771?
2
What is the thousands digit of 10168720?
8
What is the hundreds digit of 220462515?
5
What is the hundred thousands digit of 10230580?
2
What is the hundreds digit of 1450682543?
5
What is the tens digit of 150102886?
8
What is the millions digit of 912019766?
2
What is the hundreds digit of 176137599?
5
What is the ten thousands digit of 4581675132?
7
What is the ten millions digit of 88157161?
8
What is the units digit of 107301123?
3
What is the hundred thousands digit of 23777670?
7
What is the ten millions digit of 3478839960?
7
What is the units digit of 282672128?
8
What is the thousands digit of 28923476?
3
What is the units digit of 74405155?
5
What is the millions digit of 35059434?
5
What is the hundred thousands digit of 187577467?
5
What is the hundred millions digit of 377438297?
3
What is the thousands digit of 8901638?
1
What is the thousands digit of 55119583?
9
What is the tens digit of 1560548796?
9
What is the thousands digit of 119149165?
9
What is the ten thousands digit of 412556498?
5
What is the ten thousands digit of 77876895?
7
What is the ten thousands digit of 452396296?
9
What is the hundreds digit of 12430607?
6
What is the millions digit of 25554088?
5
What is the ten thousands digit of 462642419?
4
What is the millions digit of 982261681?
2
What is the units digit of 2819182999?
9
What is the units digit of 182438212?
2
What is the hundred millions digit of 324140447?
3
What is the hundred millions digit of 2648437342?
6
What is the ten thousands digit of 26646268?
4
What is the ten thousands digit of 5262100?
6
What is the ten thousands digit of 142360343?
6
What is the ten thousands digit of 5775825?
7
What is the thousands digit of 186933559?
3
What is the millions digit of 2511760363?
1
What is the hundreds digit of 73320181?
1
What is the ten millions digit of 262245130?
6
What is the thousands digit of 329218877?
8
What is the tens digit of 23939480?
8
What is the thousands digit of 529747043?
7
What is the thousands digit of 364530759?
0
What is the thousands digit of 1488088635?
8
What is the hundreds digit of 1654831210?
2
What is the billions digit of 1174146704?
1
What is the ten millions digit of 766258448?
6
What is the hundred millions digit of 234095226?
2
What is the hundred thousands digit of 840355542?
3
What is the hundreds digit of 826055674?
6
What is the hundred millions digit of 6519615387?
5
What is the hundred thousands digit of 37049902?
0
What is the hundred thousands digit of 120431842?
4
What is the units digit of 215415142?
2
What is the billions digit of 8706400781?
8
What is the ten millions digit of 154269250?
5
What is the units digit of 98650172?
2
What is the ten millions digit of 1227700118?
2
What is the ten thousands digit of 1336559660?
5
What is the tens digit of 100219488?
8
What is the tens digit of 105686023?
2
What is the units digit of 632470621?
1
What is the ten millions digit of 183157606?
8
What is the ten millions digit of 317768718?
1
What is the billions digit of 4910986379?
4
What is the tens digit of 163979060?
6
What is the thousands digit of 1026220204?
0
What is the millions digit of 2803698912?
3
What is the hundred thousands digit of 288426569?
4
What is the hundred millions digit of 4124645974?
1
What is the units digit of 107838317?
7
What is the tens digit of 3735236035?
3
What is the hundred thousands digit of 1891682563?
6
What is the units digit of 91335814?
4
What is the hundred thousands digit of 194923145?
9
What is the ten thousands digit of 221123195?
2
What is the thousands digit of 301457696?
7
What is the ten thousands digit of 708454978?
5
What is the units digit of 2486114?
4
What is the hundred millions digit of 260588124?
2
What is the units digit of 207478391?
1
What is the ten millions digit of 5044105